{"id":2166,"date":"2026-05-07T00:58:39","date_gmt":"2026-05-07T00:58:39","guid":{"rendered":"https:\/\/distribuidoraodes.com.mx\/?post_type=product&#038;p=2166"},"modified":"2026-05-07T00:58:41","modified_gmt":"2026-05-07T00:58:41","slug":"llanta-maxxis-receptor-700x40c-plegable-negro-120-tpi-exo-tr","status":"publish","type":"product","link":"https:\/\/distribuidoraodes.com.mx\/?product=llanta-maxxis-receptor-700x40c-plegable-negro-120-tpi-exo-tr","title":{"rendered":"LLANTA MAXXIS RECEPTOR \u2013 700x40C \/ PLEGABLE \/ NEGRO \/ 120 TPI \/ EXO\/TR"},"content":{"rendered":"<p>La Maxxis Receptor es una llanta de grava semi-slick dise\u00f1ado para circular sobre pavimento, caminos de tierra compactada y grava ligera. Gracias a su banda de rodadura central de perfil bajo, la Receptor rueda con facilidad en cualquier superficie. Sus peque\u00f1os tacos laterales proporcionan tracci\u00f3n en curvas en terrenos sueltos y duros.<\/p>\n","protected":false},"excerpt":{"rendered":"<p><strong><span dir=\"auto\">Categor\u00eda:<\/span><\/strong><span dir=\"auto\">\u00a0Grava.<br \/>\n<\/span><strong><span dir=\"auto\">Uso recomendado:<\/span><\/strong><span dir=\"auto\">\u00a0Pavimento\/asfalto, caminos de tierra, grava.<br \/>\n<\/span><strong><span dir=\"auto\">Instalaci\u00f3n recomendada:<\/span><\/strong><span dir=\"auto\">\u00a0Delantera y trasera.<\/span><\/p>\n<h2>ESPECIFICACIONES<\/h2>\n<p><strong>N\u00famero de parte:\u00a0<\/strong>TB00325300.<br \/>\n<strong>Medida:<\/strong>\u00a0700 x 40C.<br \/>\n<strong>ETRTO:\u00a0<\/strong>40<span dir=\"auto\">-622<\/span><span dir=\"auto\">.<br \/>\n<strong>TPI:<\/strong>\u00a0120.<br \/>\n<strong>Tipo de llanta:<\/strong>\u00a0Plegable.<br \/>\n<strong>PSI m\u00e1ximo:<\/strong>\u00a060.<br \/>\n<strong>Peso:<\/strong>\u00a0441 g.<br \/>\n<strong>Color:<\/strong>\u00a0Negro.<br \/>\n<strong>Compuesto<\/strong>: Dual.<br \/>\n<\/span><span dir=\"auto\"><strong>Tecnolog\u00edas<\/strong>: EXO \/ TR.<\/span><\/p>\n<h2>TECNOLOG\u00cdAS<\/h2>\n<p><strong>EXO<\/strong><br \/>\nLa tecnolog\u00eda EXO es un material resistente a cortes y abrasi\u00f3n que se incorpora a los flancos de muchas cubiertas Maxxis para bicicletas de monta\u00f1a y gravel. Este tejido denso es ligero y muy flexible, lo que garantiza que el rendimiento de la cubierta se mantenga intacto. Elige EXO Protection para una mayor durabilidad en gravel, XC y rutas de trail ligeras.<\/p>\n<p><strong>TR (TUBELESS READY)<\/strong><br \/>\nLos neum\u00e1ticos sin c\u00e1mara ofrecen al ciclista numerosas ventajas:<\/p>\n<ul>\n<li>La posibilidad de utilizar presiones de aire m\u00e1s bajas, lo que mejora la tracci\u00f3n.<\/li>\n<li>Menor resistencia a la rodadura en comparaci\u00f3n con los neum\u00e1ticos con c\u00e1mara.<\/li>\n<li>Menor probabilidad de sufrir pinchazos, ya que no hay c\u00e1mara.<\/li>\n<\/ul>\n<p><strong>*NOTA: El uso de selladores l\u00edquidos en cualquier otro neum\u00e1tico Maxxis anular\u00e1 la garant\u00eda.<\/strong><\/p>\n","protected":false},"featured_media":2168,"comment_status":"open","ping_status":"closed","template":"","meta":[],"etheme_brands":[],"product_brand":[],"product_cat":[60],"product_tag":[],"class_list":{"0":"post-2166","1":"product","2":"type-product","3":"status-publish","4":"has-post-thumbnail","6":"product_cat-llantas-de-gravel","8":"first","9":"instock","10":"shipping-taxable","11":"purchasable","12":"product-type-simple"},"yoast_head":"<!-- This site is optimized with the Yoast SEO Premium plugin v23.4 (Yoast SEO v23.4) - https:\/\/yoast.com\/wordpress\/plugins\/seo\/ -->\n<title>LLANTA MAXXIS RECEPTOR \u2013 700x40C \/ PLEGABLE \/ NEGRO \/ 120 TPI \/ EXO\/TR - ODES<\/title>\n<meta name=\"robots\" content=\"index, follow, max-snippet:-1, max-image-preview:large, max-video-preview:-1\" \/>\n<link rel=\"canonical\" href=\"https:\/\/distribuidoraodes.com.mx\/?product=llanta-maxxis-receptor-700x40c-plegable-negro-120-tpi-exo-tr\" \/>\n<meta property=\"og:locale\" content=\"es_MX\" \/>\n<meta property=\"og:type\" content=\"article\" \/>\n<meta property=\"og:title\" content=\"LLANTA MAXXIS RECEPTOR \u2013 700x40C \/ PLEGABLE \/ NEGRO \/ 120 TPI \/ EXO\/TR\" \/>\n<meta property=\"og:description\" content=\"Categor\u00eda:\u00a0Grava. Uso recomendado:\u00a0Pavimento\/asfalto, caminos de tierra, grava. Instalaci\u00f3n recomendada:\u00a0Delantera y trasera. ESPECIFICACIONES N\u00famero de parte:\u00a0TB00325300. Medida:\u00a0700 x 40C. ETRTO:\u00a040-622. TPI:\u00a0120. Tipo de llanta:\u00a0Plegable. PSI m\u00e1ximo:\u00a060. Peso:\u00a0441 g. Color:\u00a0Negro. Compuesto: Dual. Tecnolog\u00edas: EXO \/ TR. TECNOLOG\u00cdAS EXO La tecnolog\u00eda EXO es un material resistente a cortes y abrasi\u00f3n que se incorpora a los flancos de muchas cubiertas Maxxis para bicicletas de monta\u00f1a y gravel. Este tejido denso es ligero y muy flexible, lo que garantiza que el rendimiento de la cubierta se mantenga intacto. Elige EXO Protection para una mayor durabilidad en gravel, XC y rutas de trail ligeras.  TR (TUBELESS READY) Los neum\u00e1ticos sin c\u00e1mara ofrecen al ciclista numerosas ventajas:   La posibilidad de utilizar presiones de aire m\u00e1s bajas, lo que mejora la tracci\u00f3n.  Menor resistencia a la rodadura en comparaci\u00f3n con los neum\u00e1ticos con c\u00e1mara.  Menor probabilidad de sufrir pinchazos, ya que no hay c\u00e1mara.  *NOTA: El uso de selladores l\u00edquidos en cualquier otro neum\u00e1tico Maxxis anular\u00e1 la garant\u00eda.\" \/>\n<meta property=\"og:url\" content=\"https:\/\/distribuidoraodes.com.mx\/?product=llanta-maxxis-receptor-700x40c-plegable-negro-120-tpi-exo-tr\" \/>\n<meta property=\"og:site_name\" content=\"ODES\" \/>\n<meta property=\"article:modified_time\" content=\"2026-05-07T00:58:41+00:00\" \/>\n<meta property=\"og:image\" content=\"https:\/\/distribuidoraodes.com.mx\/wp-content\/uploads\/2026\/05\/RECEPTOR-NEGRO-CON-TECNOLOGIA.jpg\" \/>\n\t<meta property=\"og:image:width\" content=\"2444\" \/>\n\t<meta property=\"og:image:height\" content=\"2000\" \/>\n\t<meta property=\"og:image:type\" content=\"image\/jpeg\" \/>\n<meta name=\"twitter:card\" content=\"summary_large_image\" \/>\n<meta name=\"twitter:label1\" content=\"Tiempo de lectura\" \/>\n\t<meta name=\"twitter:data1\" content=\"1 minuto\" \/>\n<script type=\"application\/ld+json\" class=\"yoast-schema-graph\">{\"@context\":\"https:\/\/schema.org\",\"@graph\":[{\"@type\":\"WebPage\",\"@id\":\"https:\/\/distribuidoraodes.com.mx\/?product=llanta-maxxis-receptor-700x40c-plegable-negro-120-tpi-exo-tr\",\"url\":\"https:\/\/distribuidoraodes.com.mx\/?product=llanta-maxxis-receptor-700x40c-plegable-negro-120-tpi-exo-tr\",\"name\":\"LLANTA MAXXIS RECEPTOR \u2013 700x40C \/ PLEGABLE \/ NEGRO \/ 120 TPI \/ EXO\/TR - ODES\",\"isPartOf\":{\"@id\":\"https:\/\/distribuidoraodes.com.mx\/#website\"},\"primaryImageOfPage\":{\"@id\":\"https:\/\/distribuidoraodes.com.mx\/?product=llanta-maxxis-receptor-700x40c-plegable-negro-120-tpi-exo-tr#primaryimage\"},\"image\":{\"@id\":\"https:\/\/distribuidoraodes.com.mx\/?product=llanta-maxxis-receptor-700x40c-plegable-negro-120-tpi-exo-tr#primaryimage\"},\"thumbnailUrl\":\"https:\/\/distribuidoraodes.com.mx\/wp-content\/uploads\/2026\/05\/RECEPTOR-NEGRO-CON-TECNOLOGIA.jpg\",\"datePublished\":\"2026-05-07T00:58:39+00:00\",\"dateModified\":\"2026-05-07T00:58:41+00:00\",\"breadcrumb\":{\"@id\":\"https:\/\/distribuidoraodes.com.mx\/?product=llanta-maxxis-receptor-700x40c-plegable-negro-120-tpi-exo-tr#breadcrumb\"},\"inLanguage\":\"es\",\"potentialAction\":[{\"@type\":\"ReadAction\",\"target\":[\"https:\/\/distribuidoraodes.com.mx\/?product=llanta-maxxis-receptor-700x40c-plegable-negro-120-tpi-exo-tr\"]}]},{\"@type\":\"ImageObject\",\"inLanguage\":\"es\",\"@id\":\"https:\/\/distribuidoraodes.com.mx\/?product=llanta-maxxis-receptor-700x40c-plegable-negro-120-tpi-exo-tr#primaryimage\",\"url\":\"https:\/\/distribuidoraodes.com.mx\/wp-content\/uploads\/2026\/05\/RECEPTOR-NEGRO-CON-TECNOLOGIA.jpg\",\"contentUrl\":\"https:\/\/distribuidoraodes.com.mx\/wp-content\/uploads\/2026\/05\/RECEPTOR-NEGRO-CON-TECNOLOGIA.jpg\",\"width\":2444,\"height\":2000},{\"@type\":\"BreadcrumbList\",\"@id\":\"https:\/\/distribuidoraodes.com.mx\/?product=llanta-maxxis-receptor-700x40c-plegable-negro-120-tpi-exo-tr#breadcrumb\",\"itemListElement\":[{\"@type\":\"ListItem\",\"position\":1,\"name\":\"Home\",\"item\":\"https:\/\/distribuidoraodes.com.mx\/\"},{\"@type\":\"ListItem\",\"position\":2,\"name\":\"Shop\",\"item\":\"https:\/\/distribuidoraodes.com.mx\/?page_id=12\"},{\"@type\":\"ListItem\",\"position\":3,\"name\":\"LLANTA MAXXIS RECEPTOR \u2013 700x40C \/ PLEGABLE \/ NEGRO \/ 120 TPI \/ EXO\/TR\"}]},{\"@type\":\"WebSite\",\"@id\":\"https:\/\/distribuidoraodes.com.mx\/#website\",\"url\":\"https:\/\/distribuidoraodes.com.mx\/\",\"name\":\"ODES\",\"description\":\"\",\"publisher\":{\"@id\":\"https:\/\/distribuidoraodes.com.mx\/#organization\"},\"alternateName\":\"ODES LLANTAS\",\"potentialAction\":[{\"@type\":\"SearchAction\",\"target\":{\"@type\":\"EntryPoint\",\"urlTemplate\":\"https:\/\/distribuidoraodes.com.mx\/?s={search_term_string}\"},\"query-input\":{\"@type\":\"PropertyValueSpecification\",\"valueRequired\":true,\"valueName\":\"search_term_string\"}}],\"inLanguage\":\"es\"},{\"@type\":\"Organization\",\"@id\":\"https:\/\/distribuidoraodes.com.mx\/#organization\",\"name\":\"ODES\",\"url\":\"https:\/\/distribuidoraodes.com.mx\/\",\"logo\":{\"@type\":\"ImageObject\",\"inLanguage\":\"es\",\"@id\":\"https:\/\/distribuidoraodes.com.mx\/#\/schema\/logo\/image\/\",\"url\":\"https:\/\/distribuidoraodes.com.mx\/wp-content\/uploads\/2022\/06\/Logo-cars-2x.png\",\"contentUrl\":\"https:\/\/distribuidoraodes.com.mx\/wp-content\/uploads\/2022\/06\/Logo-cars-2x.png\",\"width\":355,\"height\":130,\"caption\":\"ODES\"},\"image\":{\"@id\":\"https:\/\/distribuidoraodes.com.mx\/#\/schema\/logo\/image\/\"}}]}<\/script>\n<!-- \/ Yoast SEO Premium plugin. -->","yoast_head_json":{"title":"LLANTA MAXXIS RECEPTOR \u2013 700x40C \/ PLEGABLE \/ NEGRO \/ 120 TPI \/ EXO\/TR - ODES","robots":{"index":"index","follow":"follow","max-snippet":"max-snippet:-1","max-image-preview":"max-image-preview:large","max-video-preview":"max-video-preview:-1"},"canonical":"https:\/\/distribuidoraodes.com.mx\/?product=llanta-maxxis-receptor-700x40c-plegable-negro-120-tpi-exo-tr","og_locale":"es_MX","og_type":"article","og_title":"LLANTA MAXXIS RECEPTOR \u2013 700x40C \/ PLEGABLE \/ NEGRO \/ 120 TPI \/ EXO\/TR","og_description":"Categor\u00eda:\u00a0Grava. Uso recomendado:\u00a0Pavimento\/asfalto, caminos de tierra, grava. Instalaci\u00f3n recomendada:\u00a0Delantera y trasera. ESPECIFICACIONES N\u00famero de parte:\u00a0TB00325300. Medida:\u00a0700 x 40C. ETRTO:\u00a040-622. TPI:\u00a0120. Tipo de llanta:\u00a0Plegable. PSI m\u00e1ximo:\u00a060. Peso:\u00a0441 g. Color:\u00a0Negro. Compuesto: Dual. Tecnolog\u00edas: EXO \/ TR. TECNOLOG\u00cdAS EXO La tecnolog\u00eda EXO es un material resistente a cortes y abrasi\u00f3n que se incorpora a los flancos de muchas cubiertas Maxxis para bicicletas de monta\u00f1a y gravel. Este tejido denso es ligero y muy flexible, lo que garantiza que el rendimiento de la cubierta se mantenga intacto. Elige EXO Protection para una mayor durabilidad en gravel, XC y rutas de trail ligeras.  TR (TUBELESS READY) Los neum\u00e1ticos sin c\u00e1mara ofrecen al ciclista numerosas ventajas:   La posibilidad de utilizar presiones de aire m\u00e1s bajas, lo que mejora la tracci\u00f3n.  Menor resistencia a la rodadura en comparaci\u00f3n con los neum\u00e1ticos con c\u00e1mara.  Menor probabilidad de sufrir pinchazos, ya que no hay c\u00e1mara.  *NOTA: El uso de selladores l\u00edquidos en cualquier otro neum\u00e1tico Maxxis anular\u00e1 la garant\u00eda.","og_url":"https:\/\/distribuidoraodes.com.mx\/?product=llanta-maxxis-receptor-700x40c-plegable-negro-120-tpi-exo-tr","og_site_name":"ODES","article_modified_time":"2026-05-07T00:58:41+00:00","og_image":[{"width":2444,"height":2000,"url":"https:\/\/distribuidoraodes.com.mx\/wp-content\/uploads\/2026\/05\/RECEPTOR-NEGRO-CON-TECNOLOGIA.jpg","type":"image\/jpeg"}],"twitter_card":"summary_large_image","twitter_misc":{"Tiempo de lectura":"1 minuto"},"schema":{"@context":"https:\/\/schema.org","@graph":[{"@type":"WebPage","@id":"https:\/\/distribuidoraodes.com.mx\/?product=llanta-maxxis-receptor-700x40c-plegable-negro-120-tpi-exo-tr","url":"https:\/\/distribuidoraodes.com.mx\/?product=llanta-maxxis-receptor-700x40c-plegable-negro-120-tpi-exo-tr","name":"LLANTA MAXXIS RECEPTOR \u2013 700x40C \/ PLEGABLE \/ NEGRO \/ 120 TPI \/ EXO\/TR - ODES","isPartOf":{"@id":"https:\/\/distribuidoraodes.com.mx\/#website"},"primaryImageOfPage":{"@id":"https:\/\/distribuidoraodes.com.mx\/?product=llanta-maxxis-receptor-700x40c-plegable-negro-120-tpi-exo-tr#primaryimage"},"image":{"@id":"https:\/\/distribuidoraodes.com.mx\/?product=llanta-maxxis-receptor-700x40c-plegable-negro-120-tpi-exo-tr#primaryimage"},"thumbnailUrl":"https:\/\/distribuidoraodes.com.mx\/wp-content\/uploads\/2026\/05\/RECEPTOR-NEGRO-CON-TECNOLOGIA.jpg","datePublished":"2026-05-07T00:58:39+00:00","dateModified":"2026-05-07T00:58:41+00:00","breadcrumb":{"@id":"https:\/\/distribuidoraodes.com.mx\/?product=llanta-maxxis-receptor-700x40c-plegable-negro-120-tpi-exo-tr#breadcrumb"},"inLanguage":"es","potentialAction":[{"@type":"ReadAction","target":["https:\/\/distribuidoraodes.com.mx\/?product=llanta-maxxis-receptor-700x40c-plegable-negro-120-tpi-exo-tr"]}]},{"@type":"ImageObject","inLanguage":"es","@id":"https:\/\/distribuidoraodes.com.mx\/?product=llanta-maxxis-receptor-700x40c-plegable-negro-120-tpi-exo-tr#primaryimage","url":"https:\/\/distribuidoraodes.com.mx\/wp-content\/uploads\/2026\/05\/RECEPTOR-NEGRO-CON-TECNOLOGIA.jpg","contentUrl":"https:\/\/distribuidoraodes.com.mx\/wp-content\/uploads\/2026\/05\/RECEPTOR-NEGRO-CON-TECNOLOGIA.jpg","width":2444,"height":2000},{"@type":"BreadcrumbList","@id":"https:\/\/distribuidoraodes.com.mx\/?product=llanta-maxxis-receptor-700x40c-plegable-negro-120-tpi-exo-tr#breadcrumb","itemListElement":[{"@type":"ListItem","position":1,"name":"Home","item":"https:\/\/distribuidoraodes.com.mx\/"},{"@type":"ListItem","position":2,"name":"Shop","item":"https:\/\/distribuidoraodes.com.mx\/?page_id=12"},{"@type":"ListItem","position":3,"name":"LLANTA MAXXIS RECEPTOR \u2013 700x40C \/ PLEGABLE \/ NEGRO \/ 120 TPI \/ EXO\/TR"}]},{"@type":"WebSite","@id":"https:\/\/distribuidoraodes.com.mx\/#website","url":"https:\/\/distribuidoraodes.com.mx\/","name":"ODES","description":"","publisher":{"@id":"https:\/\/distribuidoraodes.com.mx\/#organization"},"alternateName":"ODES LLANTAS","potentialAction":[{"@type":"SearchAction","target":{"@type":"EntryPoint","urlTemplate":"https:\/\/distribuidoraodes.com.mx\/?s={search_term_string}"},"query-input":{"@type":"PropertyValueSpecification","valueRequired":true,"valueName":"search_term_string"}}],"inLanguage":"es"},{"@type":"Organization","@id":"https:\/\/distribuidoraodes.com.mx\/#organization","name":"ODES","url":"https:\/\/distribuidoraodes.com.mx\/","logo":{"@type":"ImageObject","inLanguage":"es","@id":"https:\/\/distribuidoraodes.com.mx\/#\/schema\/logo\/image\/","url":"https:\/\/distribuidoraodes.com.mx\/wp-content\/uploads\/2022\/06\/Logo-cars-2x.png","contentUrl":"https:\/\/distribuidoraodes.com.mx\/wp-content\/uploads\/2022\/06\/Logo-cars-2x.png","width":355,"height":130,"caption":"ODES"},"image":{"@id":"https:\/\/distribuidoraodes.com.mx\/#\/schema\/logo\/image\/"}}]}},"_links":{"self":[{"href":"https:\/\/distribuidoraodes.com.mx\/index.php?rest_route=\/wp\/v2\/product\/2166","targetHints":{"allow":["GET"]}}],"collection":[{"href":"https:\/\/distribuidoraodes.com.mx\/index.php?rest_route=\/wp\/v2\/product"}],"about":[{"href":"https:\/\/distribuidoraodes.com.mx\/index.php?rest_route=\/wp\/v2\/types\/product"}],"replies":[{"embeddable":true,"href":"https:\/\/distribuidoraodes.com.mx\/index.php?rest_route=%2Fwp%2Fv2%2Fcomments&post=2166"}],"version-history":[{"count":1,"href":"https:\/\/distribuidoraodes.com.mx\/index.php?rest_route=\/wp\/v2\/product\/2166\/revisions"}],"predecessor-version":[{"id":2169,"href":"https:\/\/distribuidoraodes.com.mx\/index.php?rest_route=\/wp\/v2\/product\/2166\/revisions\/2169"}],"wp:featuredmedia":[{"embeddable":true,"href":"https:\/\/distribuidoraodes.com.mx\/index.php?rest_route=\/wp\/v2\/media\/2168"}],"wp:attachment":[{"href":"https:\/\/distribuidoraodes.com.mx\/index.php?rest_route=%2Fwp%2Fv2%2Fmedia&parent=2166"}],"wp:term":[{"taxonomy":"brand","embeddable":true,"href":"https:\/\/distribuidoraodes.com.mx\/index.php?rest_route=%2Fwp%2Fv2%2Fetheme_brands&post=2166"},{"taxonomy":"product_brand","embeddable":true,"href":"https:\/\/distribuidoraodes.com.mx\/index.php?rest_route=%2Fwp%2Fv2%2Fproduct_brand&post=2166"},{"taxonomy":"product_cat","embeddable":true,"href":"https:\/\/distribuidoraodes.com.mx\/index.php?rest_route=%2Fwp%2Fv2%2Fproduct_cat&post=2166"},{"taxonomy":"product_tag","embeddable":true,"href":"https:\/\/distribuidoraodes.com.mx\/index.php?rest_route=%2Fwp%2Fv2%2Fproduct_tag&post=2166"}],"curies":[{"name":"wp","href":"https:\/\/api.w.org\/{rel}","templated":true}]}}